 digit of x?
1
Let c(y) = y + 59. Suppose 0 = -7*g + 12*g + 100. What is the tens digit of c(g)?
3
Suppose 34*s - 115866 = -7*s. What is the thousands digit of s?
2
What is the tens digit of (-3788)/(-5) - -11 - 2/(-5)?
6
Suppose f - 2*f = -n - 151, -n = f - 141. What is the tens digit of f?
4
Suppose 3*u + v = 6*u + 2, u + 6 = -5*v. What is the tens digit of (-37 - (-2 - u))*(-156)/48?
1
Suppose -4*q + 30*q - 56030 = 0. What is the hundreds digit of q?
1
Let o(r) = 4*r**2 + 41*r - 16. What is the hundreds digit of o(-16)?
3
Let w = -1290 + 3702. What is the tens digit of w?
1
Let f(g) = 5*g**3 + 9*g**2 + 3*g + 1. Let c(b) = 11*b**3 + 19*b**2 + 6*b + 3. Let j(h) = 4*c(h) - 9*f(h). Let x be j(-4). What is the tens digit of x*16/(-4)*3?
1
Let p = 5038 - 2357. What is the thousands digit of p?
2
Let i = -10 - -69. Let x = 104 - i. What is the units digit of x?
5
Suppose 2*o = -2*o + 2*w + 6, -2*w = -2*o + 2. What is the units digit of ((-6)/12)/(o*3/(-180))?
5
What is the tens digit of 5430/26 - 22/(-143)?
0
Let s(p) = 2*p - 5. Let t be (0 - -1)*(7 - 2). Let x(v) = v**2 - 3*v - 6. Let r be x(t). What is the units digit of s(r)?
3
Let h(u) = u**2 + 9*u + 15. Let w(d) = 3*d**3 + 3*d**2 - d - 2. Let x be w(-2). Let m be h(x). Let c = m + -21. What is the tens digit of c?
3
Let k be (-6)/(-2 - 17/(-9)). Suppose -4*y + k = -22. Let s = y - -2. What is the units digit of s?
1
Suppose -1105 = -5*p - 5*t, 1123 = -0*p + 5*p - t. Suppose 0 = -2*w - 2*w + p. What is the tens digit of w?
5
Let h = -216 - -138. Let o = h - -259. What is the units digit of o?
1
Let k(t) = 4*t**2 - t - 4*t**2 - 3*t**2 - 2 + 6*t**2. What is the units digit of k(-2)?
2
Suppose -24*z + 108*z = 278208. What is the units digit of z?
2
Let o(k) = 2*k**3 + 4*k**2 + 3*k. Let f be o(-2). What is the tens digit of (f/(-4))/(6/60)?
1
What is the units digit of (-660)/18*6/(-8)*8?
0
Let j(i) = i**3 - 4*i**2 + 2*i - 3. Let l(m) = -m + 7. Let y be l(3). Let f be j(y). Suppose -32 = z - f*z. What is the units digit of z?
8
Let n be (-16)/80 - 1958/10. What is the tens digit of (-4 + (-30)/(-8))*n?
4
Let v = 43 + -32. Suppose -8*u = -v*u + 303. What is the tens digit of u?
0
Let h(g) = 63*g - 179. What is the tens digit of h(11)?
1
What is the thousands digit of 1212 - 24/(-6) - 10/(-2)?
1
Let z = -225 + 651. What is the tens digit of z?
2
Suppose 0 = 5*z + 15, 4*q + z + 2*z = -21. What is the units digit of (27/12)/(q/(-24))?
8
Let w be (-2 + 3 + -227)/(-2). Let l = w + -64. Let k = l + -41. What is the units digit of k?
8
Let h(y) = -2*y**3 - 6*y - 2. What is the tens digit of h(-4)?
5
Let g = 8 - 4. Suppose 3*a = g*w - 24, 7 - 15 = 2*a. Suppose -3*v - 45 = -w*y, 5*y - 6*v - 67 = -5*v. What is the tens digit of y?
1
Let h(u) = 37*u - 35. What is the hundreds digit of h(5)?
1
Let c be ((-915)/(-4) + 1/4)/(-1). Let m = 326 + c. What is the units digit of m?
7
Suppose -5*v + 15 + 5 = 0. Suppose 253 = v*m + h, 5*h = -2*m - 24 + 155. What is the tens digit of m?
6
Let x(m) = 2*m**2 - 6*m + 3. Let b(g) = g**2 + 9*g + 11. Let c be b(-8). Let v be x(c). Suppose v = s, -1 = -4*l - 4*s + 75. What is the units digit of l?
6
Let v = -11 + 11. Let z(c) = -c**3 - c**2 + 6. Let q be z(v). Let d = 10 + q. What is the units digit of d?
6
Let h(n) = n**3 - 10*n**2 + n + 10. Let c be h(10). Suppose -s = -5*s + c. Suppose 10*z - 225 = s*z. What is the tens digit of z?
4
Let i(x) = x**3 - 2*x - 1. Let o be i(2). Let m(t) = 2*t**3 - 4*t**2 + 7*t - 8. What is the tens digit of m(o)?
3
Let s(k) = 3*k**3 - 2*k**2 - 22*k + 137. What is the hundreds digit of s(11)?
6
Suppose 10*k = 5261 + 2919. What is the tens digit of k?
1
Let c(v) = 8*v - 2. Let p be (-63)/14*(-2)/3. Suppose -p*x - 2*o = -10, -o - 8 = -x + 3*o. What is the units digit of c(x)?
0
Let p = -293 - -468. What is the units digit of p?
5
Let o be (0/6)/((-4)/4). Suppose 3*h + 9*h - 1248 = o. What is the units digit of h?
4
What is the tens digit of (-39)/3 - -12 - (-3464 + 0)?
6
Let k(j) = j**3 - 13*j**2 + 5*j - 16. Let c be k(13). Let t = 26 + c. What is the units digit of t?
5
Let h(z) = 26*z**3 + 7*z - 14. What is the units digit of h(2)?
8
Let q be 3 - (-2 + 1) - -10. Let j = 6 + q. What is the units digit of j?
0
Let n(s) = 3 - 2*s**3 - s**3 + 4*s**3 - 12*s**2 - s + 9. Let j be n(12). Suppose 3*w - u = 6*w - 11, j = -3*w + 4*u + 1. What is the units digit of w?
3
Let y = 17 + -23. What is the units digit of 4/y - (-460)/6?
6
Suppose 0 = -4*j - 114 - 158. Let l = 40 + j. What is the units digit of (-9)/(-2)*l/(-21)?
6
Suppose 5*c - 101 = -66. Let g(y) = -y**3 + 5*y**2 + 17*y - 4. What is the tens digit of g(c)?
1
Let l be (-4)/(-5) + 3/15. Suppose 2*g - 3 + l = 2*p, -p = 2*g - 8. Suppose -3*x + p = -43. What is the tens digit of x?
1
Let o = -14 - -11. What is the units digit of 2/(o + 354/117)?
8
Suppose -4*s = -4*c - 2*s + 1790, 12 = 4*s. What is the units digit of c?
9
Let i(p) = p**3 + 17*p**2 - 16*p - 20. Let a = 24 - 41. What is the tens digit of i(a)?
5
Let x(r) = r**3 + 8*r**2 - 10*r + 12. Let w be x(-9). Suppose -6*d + t + 28 = -2*d, 3*d + 4*t - w = 0. What is the units digit of d?
7
Let j(r) = -2*r**2 - 26*r - 18. Let b be j(-12). Let v be (-34)/(-10) - 8/20. Suppose -v*p = -b*p + 18. What is the units digit of p?
6
Let c be 100/26 + (-6)/(-39). What is the units digit of 257/7 + c/14?
7
Let j(m) = 112*m**2 + 2*m - 4. Let x be j(2). Let o = x + -216. What is the hundreds digit of o?
2
What is the units digit of (-90)/(3 - 46/15)?
0
Suppose 3 = -3*z, -2*z = -4*x + z + 23. Suppose 7 = 2*j + d + 2*d, 4*d - 12 = -4*j. Suppose x*q = j*q + 99. What is the units digit of q?
3
Let g = 3876 + -1322. What is the hundreds digit of g?
5
What is the thousands digit of (-2 + 3)/((-1)/(-1547))?
1
Let y(j) be the first derivative of -j**3/3 + 3*j**2 - 3*j + 3. Let g be y(6). Let t(x) = -12*x + 4. What is the tens digit of t(g)?
4
Let c(j) = 19*j**2 - 11*j - 57. Let t(w) = 9*w**2 - 5*w - 28. Let s(u) = -3*c(u) + 7*t(u). What is the units digit of s(7)?
5
Let b = -306 - -167. Let t = b + 309. What is the units digit of t?
0
Let f(s) = -7*s**3 - 3*s**2 - 5*s - 4. Let g be f(-4). Suppose 25*t - 29*t = -g. What is the tens digit of t?
0
Let j = 164 - -60. Suppose 7*c = 238 + j. What is the tens digit of c?
6
Let r(x) = 10*x - 29. What is the units digit of r(13)?
1
Let h(b) = 11*b**2 + b. Let g be h(2). Suppose -260 = -5*n - 5*z, -4*z + g = -n + 2*n. What is the units digit of n?
4
Suppose -5*c + 5*b - 25 = -0*c, 2*c + 8 = 3*b. Let z(h) = -11*h - 9. Let i(r) = 17*r + 14. Let f(o) = 5*i(o) + 8*z(o). What is the units digit of f(c)?
9
Let s = -483 - -903. Suppose 2*l - 4*l = -4*m - s, -3*m = 5*l - 1115. What is the hundreds digit of l?
2
Let r(s) = s**3 - 4*s**2 - 5*s + 1. Let p be r(7). Suppose 2*f - 413 = -p. Suppose -5*h = -120 - f. What is the units digit of h?
4
Let p(s) = -7*s**3 - s**2. Let l be 0*3/(-6) + -1. Let f be p(l). Suppose 76 = o + 5*t, 2*o = f*o - 3*t - 235. What is the units digit of o?
1
Let c be (-12 + 13)/((-1)/(-5)). Let p(k) = -k**3 + 6*k**2 - 4*k + 6. Let a be p(4). Suppose 67 = c*t + a. What is the units digit of t?
9
Let b be 0 - 6 - -9 - (1 + -1). Suppose -b*v + 288 - 24 = 3*t, -t + 88 = 4*v. What is the tens digit of t?
8
Let b be -1 + -1 - (11 + 1). What is the tens digit of 8/b + (-1020)/(-70)?
1
Suppose 4*d = 3*i + 6*d - 2329, 5*d = 5*i - 3840. What is the tens digit of i?
7
Suppose 14 - 11 = x. Suppose -4*c = -x*t + 592, -4*t + 2*t = 3*c - 389. What is the tens digit of t?
9
Let d = -60 - -63. Suppose -60 = -x + v, -d*x + v + 188 = -0*x. What is the units digit of x?
4
Let w be (-2)/(-6) + 35/21. Suppose h = 5*c + 310, -865 = -2*h - h + w*c. What is the hundreds digit of h?
2
Let n be (-22)/(-6) + (-4)/6. Suppose -5*p = 3*f - 4, 5*p - n = -f - 5. Suppose 0 = -0*t + f*t - 5*z - 104, 2*t - 64 = -2*z. What is the units digit of t?
3
Let i(d) = 95*d - 168. What is the hundreds digit of i(12)?
9
Let h(z) = 13*z**3 + 8*z**2 + z + 4. What is the hundreds digit of h(3)?
4
Suppose 0 = -2*j + 3*d + 2*d - 66, 0 = -2*j + 4*d - 68. Let a = -38 - j. Suppose 0 = 2*r + 2*o - a*o - 132, 3*r - 202 = -4*o. What is the tens digit of r?
6
Let l(r) = -r**2 - 2*r + 3. Let b be l(-3). Let h(i) = -i + 8 + 14*i**2 + 11 + b*i**3 - 2*i**3 + 3*i**3. What 